ainder when 767889703 is divided by 277.
275
Calculate the remainder when 53341 is divided by 5332.
21
What is the remainder when 219972 is divided by 4313?
9
What is the remainder when 119905 is divided by 325?
305
What is the remainder when 143900060 is divided by 252?
248
Calculate the remainder when 17662819 is divided by 510.
499
What is the remainder when 35842655 is divided by 1144?
1135
What is the remainder when 5444 is divided by 1345?
64
What is the remainder when 293698 is divided by 539?
482
Calculate the remainder when 112191 is divided by 50.
41
What is the remainder when 138749 is divided by 8845?
6074
What is the remainder when 2990574 is divided by 184?
22
Calculate the remainder when 65798354 is divided by 201.
200
Calculate the remainder when 12863436 is divided by 29571.
51
What is the remainder when 6186965 is divided by 23347?
10
Calculate the remainder when 31230805 is divided by 1714.
11
What is the remainder when 18655805 is divided by 2136?
2117
Calculate the remainder when 11974792 is divided by 1330532.
4
Calculate the remainder when 1109785 is divided by 10851.
2983
What is the remainder when 36764 is divided by 36739?
25
What is the remainder when 169559 is divided by 373?
217
Calculate the remainder when 7090068 is divided by 7090066.
2
What is the remainder when 45603 is divided by 45578?
25
Calculate the remainder when 46159 is divided by 834.
289
Calculate the remainder when 865634 is divided by 288493.
155
What is the remainder when 568470 is divided by 215?
10
What is the remainder when 4462546 is divided by 2?
0
What is the remainder when 131132 is divided by 2041?
508
Calculate the remainder when 19642554 is divided by 888.
882
Calculate the remainder when 23437928 is divided by 654.
530
What is the remainder when 128705 is divided by 1081?
66
Calculate the remainder when 12169389 is divided by 403.
401
Calculate the remainder when 1393357 is divided by 6220.
77
Calculate the remainder when 206094 is divided by 486.
30
Calculate the remainder when 2361469 is divided by 678.
673
Calculate the remainder when 2505624 is divided by 131.
118
What is the remainder when 10568967 is divided by 18?
15
Calculate the remainder when 59584 is divided by 50.
34
What is the remainder when 325715 is divided by 666?
41
What is the remainder when 598616 is divided by 149649?
20
What is the remainder when 1449 is divided by 528?
393
What is the remainder when 124998654 is divided by 5681757?
0
Calculate the remainder when 121896362 is divided by 6376.
6370
Calculate the remainder when 25662982 is divided by 97.
80
What is the remainder when 22061774 is divided by 19?
0
Calculate the remainder when 296834717 is divided by 58.
55
Calculate the remainder when 12162195 is divided by 124.
27
What is the remainder when 27295933 is divided by 64?
61
Calculate the remainder when 68381367 is divided by 22793773.
48
What is the remainder when 670926 is divided by 747?
120
What is the remainder when 32412139 is divided by 274679?
17
Calculate the remainder when 6495366 is divided by 161.
143
Calculate the remainder when 40450 is divided by 2259.
2047
What is the remainder when 207899399 is divided by 150?
149
Calculate the remainder when 698935 is divided by 243.
67
What is the remainder when 373825 is divided by 2900?
2625
Calculate the remainder when 116721001 is divided by 107975.
26
What is the remainder when 179058 is divided by 241?
236
What is the remainder when 1451531 is divided by 15440?
171
Calculate the remainder when 472838 is divided by 1962.
1958
What is the remainder when 1258736 is divided by 184?
176
Calculate the remainder when 157760 is divided by 35577.
15452
What is the remainder when 2886436 is divided by 11?
3
What is the remainder when 10231 is divided by 222?
19
Calculate the remainder when 195674 is divided by 97677.
320
Calculate the remainder when 3343 is divided by 2890.
453
What is the remainder when 1319 is divided by 1109?
210
What is the remainder when 2627432 is divided by 746?
20
Calculate the remainder when 838347 is divided by 1109.
1052
What is the remainder when 43453 is divided by 836?
817
What is the remainder when 67513 is divided by 9425?
1538
Calculate the remainder when 34405516 is divided by 34.
32
Calculate the remainder when 168633406 is divided by 7645.
7641
Calculate the remainder when 360517 is divided by 714.
661
Calculate the remainder when 467904 is divided by 155884.
252
What is the remainder when 1373059 is divided by 362?
355
Calculate the remainder when 3210788 is divided by 92.
80
What is the remainder when 4327488 is divided by 29?
21
Calculate the remainder when 1338859099 is divided by 2510.
2509
Calculate the remainder when 2677460 is divided by 5509.
86
What is the remainder when 1961 is divided by 794?
373
Calculate the remainder when 3062036 is divided by 269.
9
Calculate the remainder when 7445263 is divided by 124.
55
Calculate the remainder when 239410 is divided by 2817.
2782
What is the remainder when 17277481 is divided by 50?
31
Calculate the remainder when 25440612 is divided by 687584.
4
Calculate the remainder when 123471 is divided by 265.
246
Calculate the remainder when 25911 is divided by 1224.
207
What is the remainder when 11365547 is divided by 3891?
3827
What is the remainder when 349898 is divided by 533?
250
What is the remainder when 51702828 is divided by 543?
540
Calculate the remainder when 80644 is divided by 1491.
130
Calculate the remainder when 11002377 is divided by 1000216.
1
What is the remainder when 14242 is divided by 98?
32
What is the remainder when 9619900 is divided by 1812?
1804
Calculate the remainder when 116198 is divided by 5541.
5378
What is the remainder when 181951 is divided by 774?
61
What is the remainder when 5470855 is divided by 14?
5
Calculate the remainder when 599231 is divided by 1581.
32
What is the remainder when 59745337 is divided by 117?
106
Calculate the remainder when 3801487 is divided by 292415.
92
What is the remainder when 781682 is divided by 781659?
23
Calculate the remainder when 632192 is divided by 238.
64
Calculate the remainder when 64942553 is divided by 4263.
11
What is the remainder when 176550998 is divided by 4599?
4586
Calculate the remainder when 42550128 is divided by 1779.
6
What is the remainder when 1464076 is divided by 1203?
25
Calculate the remainder when 45884205 is divided by 1796.
1793
What is the remainder when 6500955 is divided by 1285?
140
What is the remainder when 18324 is divided by 6003?
315
What is the remainder when 6804983 is divided by 21?
17
Calculate the remainder when 624792 is divided by 7261.
346
What is the remainder when 3201227 is divided by 1067072?
11
Calculate the remainder when 3815694 is divided by 2637.
2592
What is the remainder when 85495 is divided by 28479?
58
Calculate the remainder when 2578 is divided by 1912.
666
Calculate the remainder when 410079 is divided by 7723.
760
Calculate the remainder when 2516193 is divided by 3095.
3053
Calculate the remainder when 60841 is divided by 4502.
2315
What is the remainder when 56665718 is divided by 43?
17
What is the remainder when 56825 is divided by 5638?
445
What is the remainder when 16456577 is divided by 17?
16
What is the remainder when 127830046 is divided by 24?
22
What is the remainder when 24703618 is divided by 20?
18
Calculate the remainder when 343901 is divided by 17194.
21
Calculate the remainder when 5787064 is divided by 59.
49
Calculate the remainder when 1336544 is divided by 2050.
1994
What is the remainder when 36594358 is divided by 171?
16
What is the remainder when 2614470 is divided by 871477?
39
What is the remainder when 1081652 is divided by 2691?
2561
Calculate the remainder when 5961 is divided by 1517.
1410
Calculate the remainder when 30351442 is divided by 2519.
11
What is the remainder when 606699 is divided by 42?
9
What is the remainder when 989928 is divided by 41237?
240
Calculate the remainder when 17658223 is divided by 13.
11
Calculate the remainder when 192142 is divided by 31608.
2494
Calculate the remainder when 46494 is divided by 643.
198
Calculate the remainder when 34760 is divided by 4906.
418
What is the remainder when 156058 is divided by 653?
644
